et c = 88 + -85. Suppose 2 = -c*s + 14. Determine r(s).
7
Let b = 12 + -9. Suppose -6 = -3*f - 0*f. Let g(d) = 1 - 3*d**f + 2*d**2 + 7*d - d**2 - 3*d. Determine g(b).
-5
Let y(p) = -p**2 - 2*p - 4. Suppose 139 = -b + 135. Calculate y(b).
-12
Let i(m) = m**2 + 6*m + 3. Let s be i(-6). Let w = s + -6. Let r(c) be the second derivative of c**5/20 + c**4/6 - c**3/2 - c**2/2 + 5*c. Determine r(w).
-1
Let a(p) = -2*p**3 + p**2 + 20*p - 5. Let r(d) = -d**3 + d**2 + 9*d - 2. Let u(n) = 2*a(n) - 5*r(n). What is u(5)?
25
Let q(l) = 2*l - 36. Let r(d) = d - 15. Let n(b) = 3*q(b) - 7*r(b). Let m = 8 - 5. Determine n(m).
-6
Let n(y) be the third derivative of -y**5/60 + 4*y**2. Suppose 251 - 83 = 4*p. Let r = p + -45. Determine n(r).
-9
Let x(u) = 19*u - 15. Let t(s) = 22*s - 17. Let z(p) = -5*t(p) + 6*x(p). Give z(5).
15
Let m(h) = -h**3 - 6*h**2 - 2*h - 6. Let a be (-3)/(9/(-6)) - -1. Suppose c + 14 = 2*c - 4*d, -a*c = -d + 13. Determine m(c).
6
Let m be (-1 + 1 - 2)*-5. Suppose -q + m = q. Let j(r) = r**2 - 9*r + 7. Let p(d) = -d**2 + 8*d - 7. Let s(o) = 3*j(o) + 4*p(o). Calculate s(q).
-7
Suppose 25 = -5*i, 4*n = 4*i - 0*i + 32. Suppose -n*m - 1 = 2. Let s(v) = -5*v**2 - v - 1. Give s(m).
-5
Let r(s) = 29*s - 10*s - 17*s - 15 + 16. Let m(o) = 2*o + 7. Let v be m(-6). Calculate r(v).
-9
Let d(g) be the first derivative of -g**4/4 - 2*g**3 - g**2 - 8*g + 168. Determine d(-6).
4
Let u(i) = -i**3 + 2*i**2 + 4*i + 1. Let q(k) = k + 9. Suppose 2*y - 4*c - 8 = 0, -3*y + 5*c = -4*y - 31. Let z be q(y). Determine u(z).
4
Suppose -5*j + 0*q + 3*q - 17 = 0, -17 = 3*j + 5*q. Let y(t) be the second derivative of -t**5/20 - t**4/3 - t**2/2 + t. Determine y(j).
-1
Let l be 0 + (-3 - -2) + -13. Let y = l + 12. Let q be (-2)/y*(-7 + 6). Let a(d) = d. What is a(q)?
-1
Suppose -6*m = -2*m. Suppose 4*n + 2*d = d + 31, -2*n - 4*d + 26 = m. Let f(b) = b**3 - 8*b**2 + 7*b + 10. Calculate f(n).
10
Let y(o) be the second derivative of -o**4/12 + 2*o**3 - 2*o**2 + 15*o. Let g be y(12). Let a(v) = -v**3 - 5*v**2 - 3*v + 2. Determine a(g).
-2
Let g(p) = -p + 1. Let c be g(-5). Let m(k) be the first derivative of 3*k**2 + 16 - 4*k - 3 - 2*k**2 + 0*k**2. Give m(c).
8
Let n be (18/27)/(2/57) - 3. Let j be -14*1*(-8)/n. Let b(d) = 4*d - 6. Give b(j).
22
Suppose -9 = -6*v + 3*v, 0 = 2*w + 2*v. Let k(t) = -2*t - 4. Calculate k(w).
2
Let g(h) = -h**2 - 6*h - 3. Suppose 61*o + 448 = -51*o. Determine g(o).
5
Let m(a) = a**2 + 2. Let n(f) = -5*f**2 - 6*f - 6. Let u(c) = 4*m(c) + n(c). What is u(-5)?
7
Let f be 1/2 + (-13)/2. Let j be (-2)/10 - (-196)/(-20). Let y = j - f. Let z(c) = c**3 + 4*c**2 + 3*c + 2. Calculate z(y).
-10
Let i(l) be the third derivative of -l**4/24 + l**3 + 29*l**2. Suppose y = -4*y + 10. Let f = 2 - y. What is i(f)?
6
Suppose 3*a - 3*l = 2*l + 6, 6 = -a - l. Let j(y) be the first derivative of y**2/2 - 2*y - 431. Determine j(a).
-5
Let j = 1134 - 1140. Let u(w) = -w**2 - 5*w + 2. Give u(j).
-4
Let r(a) = 8*a**2 - 2*a + 1. Let f be (3/(-9))/(37/(-111)). What is r(f)?
7
Let o(h) = -17*h - 3446 + 1689 + h**3 - 18*h**2 + 1712. Calculate o(19).
-7
Let q(u) = 4*u**3 + 2*u**3 - 7*u**3 + 4*u + 1568*u**2 - 1572*u**2. Determine q(-4).
-16
Let s(g) = 8*g**3 - 9*g**3 - 4*g + 3*g**3 - 3*g**2. Let m be (-22)/(-6) - (-4)/(-6). Give s(m).
15
Let m(c) = 0*c**2 - 6*c + c**2 - 8 + 12*c. Let j(b) = 31*b + 118. Let x be j(-4). What is m(x)?
-8
Let x(n) = -10 + 12 - 5*n + 6*n + n. Determine x(-5).
-8
Let w(g) = -g**2 - 14*g - 1. Let n(b) = b**3 + 25*b**2 + 86*b + 35. Let u be n(-21). Determine w(u).
48
Let p(c) = -c**3. Suppose 4*i - 32 = -4. Let r(s) = -3*s + 22. Let m be r(i). Give p(m).
-1
Let r(t) = 8*t**2 + 11*t + 2. Let j(a) = 7*a**2 + 11*a + 3. Let z(l) = 7*j(l) - 6*r(l). Suppose 3*g - 4*v + 47 = 0, -5*v + 14 = -11. Determine z(g).
-9
Let g(m) = m**3 - 11*m**2 - 8*m - 8. Suppose 57*v = 20 + 664. What is g(v)?
40
Let c(j) = j**3 - 7*j**2 + 5*j + 6. Let m = 130 - 124. What is c(m)?
0
Let f(p) = p**3 + 11*p**2 - p - 27. Let k be f(-11). Let h(y) = y + 15. Give h(k).
-1
Let p(y) be the second derivative of y**7/140 - y**6/720 - 13*y**4/4 - 13*y. Let x(w) be the third derivative of p(w). Give x(1).
17
Let g(z) be the third derivative of -z**5/120 - z**4/6 + 4*z**3 + 24*z**2. Let t(c) be the first derivative of g(c). Give t(-6).
2
Let l be (-27)/(-5) + 6/(-15). Let b(o) = l*o**3 - 4*o**3 + 6 - 14*o**2 + o + 20*o**2. Calculate b(-6).
0
Let w(n) = -n**2 - 2*n + 10. Let m be 2/(-12) - (-123)/(-18). Let z be w(m). Let t be (0 + -1)/((-5)/z). Let x(q) = 2*q**2 + 8*q + 4. Calculate x(t).
14
Let d(u) be the first derivative of 8/3*u**3 + 1/4*u**4 + 8*u + 8 + 7/2*u**2. Give d(-7).
8
Let a be -3 + (-3 - 18/(-3)). Let n(u) = 2*u + 35. Calculate n(a).
35
Let g(u) = u**2 + u + 2. Let b(a) = -a**3 - 2*a**2 - 3*a + 3. Let c be b(-3). Let m = c - 15. Suppose -q - m = q. Determine g(q).
8
Let p(v) = -v**2 + 7*v + 9. Let w = -67 + 70. Suppose -5*c - 4*t + 10 + 5 = 0, 41 = w*c - 4*t. Determine p(c).
9
Let t be (-4)/16*340/(-5). Let b be (-1)/3 - (-10)/3. Suppose -5*i + t = -b. Let f(a) = -a**2 + a - 2. Give f(i).
-14
Let z(h) = h + 6. Let s be z(-4). Suppose 2*x + 12 = s. Let q(y) = -4 + 10*y - 45*y**2 - 15*y + 44*y**2. Determine q(x).
-4
Let j = -4 - -7. Let v(n) = -5*n**2 + n + 0 - 2*n + n**j - 2. Let w = -7756 + 7761. Give v(w).
-7
Let b be 4/(192/(-18)) - 106/16. Let a(w) = -w**2 - 10*w - 8. Determine a(b).
13
Let j(f) be the second derivative of f**4/12 + 5*f**3/6 + f**2 - 2*f. Suppose -11*q = -0*q + 44. What is j(q)?
-2
Suppose -7*j + 9*j = -8. Let r be j - 1*6/3. Let q(i) be the third derivative of i**4/24 + 5*i**3/6 - 11*i**2. Give q(r).
-1
Let s(t) be the first derivative of -t**4/2 + 7*t**3 - 6*t**2 - 8*t + 13. Let n(z) = -3*z**3 + 32*z**2 - 18*z - 12. Let p(i) = -5*n(i) + 8*s(i). Give p(7).
3
Let k(l) = -l**2 - 3*l + 13. Let g be k(-5). Let o(d) = -2*d + 2. Let m(p) = p - 1. Let u(i) = g*o(i) + 5*m(i). Give u(2).
-1
Let k(o) = -o**3 - 4*o**2 + 6*o + 1. Suppose 2*f = -f - 15. Let d be k(f). Let j(r) = r**2 + 6*r + 1. Determine j(d).
-7
Let j = 173 - 175. Let q(o) = -4*o + 3. Let a(p) = -9*p + 8. Let r(v) = j*a(v) + 5*q(v). Suppose 6 = 4*k + 2. Calculate r(k).
-3
Let x(y) = y**2 + 6*y - 7. Let v(b) = b + 18. Let h be (-87)/6 + 3/6. Let k be v(h). Suppose -3*p = 4*z + 13, z + 5*p = k*p - 2. Calculate x(z).
0
Let x(n) = -n**2 - 10*n - 12. Let f be x(-8). Let p = -2 - f. Let o(a) = 4*a**3 + 6*a**2 + a + 7. Let h(b) = b**3 + b + 2. Let s(m) = -3*h(m) + o(m). Give s(p).
13
Let y be 6 - 10/5 - -2. Let m(f) = y*f**2 + 4*f**2 - 3*f - 9*f**2 + 2. What is m(3)?
2
Suppose -2*f + 2*h = -2 - 8, -25 = -5*h. Let l(v) = -v**2 + 10*v - 3. Determine l(f).
-3
Suppose -3*u = -0*u - 12. Let w(n) = -7*n + 15 + 3*n + 2*n + u*n. What is w(-10)?
-5
Let v(h) = 5*h + 10. Let d(n) = 4*n + 6. Let k(g) = -4*d(g) + 3*v(g). Calculate k(-9).
15
Suppose -5*g + 23 = -4*r + 5*r, 3*r - g - 21 = 0. Let s(d) = -d**3 + 8*d**2 + d - 5. What is s(r)?
3
Let o be ((-8)/192*-12)/((-2)/(-44)). Let w(l) = -l**2 + 11*l - 9. Give w(o).
-9
Suppose 2*d - 216 = -2*d. Let f = -50 + d. Let g(c) = 2*c**2 + 4*c - 3. Let t(q) = q**2 - q + 1. Let b(r) = -g(r) + 3*t(r). Calculate b(f).
-6
Let x(f) = -3*f**3 - 10*f**2 - 15*f - 18. Let b(s) = -s**3 - 6*s**2 - 8*s - 9. Let c(w) = -5*b(w) + 2*x(w). Determine c(11).
-2
Let m(g) = g**2 + 8*g + 7. Let o(a) be the second derivative of 2*a + 1/6*a**3 + 0 - a**2. Let w be o(-4). Calculate m(w).
-5
Let u(m) = 2*m**2 + 6 - 4*m**2 + m**2 - 15 - m. Suppose f - 14 = -o, -4*o + 47 = -2*f + 3*f. Suppose 4*y = o*y. Give u(y).
-9
Suppose s = 5*z - 43, 0*z + 4*z = s + 35. Suppose -4*b - 5*q = -48, b = -q + 2 + 9. Let f(i) = 10 + b*i - 25*i + 16*i. Give f(z).
-6
Let v(n) = -13*n**3 + 6*n**2 + 10*n + 2. Let q(b) = b**2 + 2*b. Let x(d) = -6*q(d) + v(d). Give x(1).
-13
Let i(m) be the second derivative of -m**4/12 + m**2/2 + 5*m. Let q be i(4). Let p = -11 - q. Let f(x) = x**3 - 3*x**2 - 2*x + 6. What is f(p)?
14
Suppose z = -z - m + 1, -2*z + 4 = -2*m. Let f(v) = -z + 3*v**2 - v - 3*v**2 + 0 - v**2. What is f(-2)?
-3
Let m = -38 - -60. Let k(z) = -22 - m - z + 43. Determine k(7).
-8
Let n be (-3 + -1 - -15) + -19. Let y(o) = o**3 + 7*o**2 - 9*o + 10. Calculate y(n).
18
Let u(a) = -75*a + 1. Suppose -139*d + 133*d + 6 = 0